ltiple of 27?
True
Is 1279023 a multiple of 151?
False
Does 21 divide 65686?
False
Is 2186444 a multiple of 76?
True
Does 12 divide 5539773?
False
Is 6 a factor of 135001?
False
Is 1123500 a multiple of 175?
True
Is 248381 a multiple of 41?
False
Is 376992 a multiple of 84?
True
Is 52488 a multiple of 6?
True
Does 354 divide 3808484?
False
Is 421 a factor of 42653?
False
Is 730730 a multiple of 143?
True
Is 12 a factor of 2151792?
True
Is 312 a factor of 4668144?
True
Does 186 divide 4407025?
False
Does 54 divide 195015?
False
Is 143325 a multiple of 45?
True
Is 153 a factor of 10433797?
False
Does 53 divide 6357774?
True
Does 2 divide 4478726?
True
Is 288801 a multiple of 29?
False
Is 35838 a multiple of 9?
True
Is 131808 a multiple of 24?
True
Is 26713 a multiple of 5?
False
Does 15 divide 103428?
False
Is 377 a factor of 430523?
False
Is 1424 a factor of 4280544?
True
Does 2 divide 36995?
False
Is 1967465 a multiple of 3?
False
Is 10 a factor of 12847950?
True
Is 65717 a multiple of 5?
False
Is 379 a factor of 937646?
True
Does 23 divide 163691?
True
Is 6180717 a multiple of 51?
False
Does 907 divide 384568?
True
Is 10 a factor of 22741?
False
Is 86 a factor of 22704?
True
Does 67 divide 162609?
True
Does 9 divide 521253?
True
Does 73 divide 569327?
True
Is 34 a factor of 4059155?
False
Is 138665 a multiple of 466?
False
Is 24 a factor of 100512?
True
Is 31 a factor of 174685?
True
Does 27 divide 3090494?
False
Is 85977 a multiple of 233?
True
Does 53 divide 109047?
False
Is 219505 even?
False
Does 13 divide 152776?
True
Is 121770 a multiple of 52?
False
Is 141 a factor of 690212?
False
Does 30 divide 9534043?
False
Is 21 a factor of 9982?
False
Is 20 a factor of 1556632?
False
Is 36 a factor of 96378?
False
Is 136827 a multiple of 23?
True
Is 31611 a multiple of 27?
False
Does 1006 divide 6044048?
True
Does 24 divide 97365?
False
Does 296 divide 13574264?
True
Does 62 divide 196270?
False
Is 274 a factor of 252017?
False
Is 586752 a multiple of 91?
False
Is 88 a factor of 471416?
True
Is 62912 a multiple of 4?
True
Is 17896165 a multiple of 109?
True
Is 4 a factor of 1157780?
True
Is 855 a factor of 12633587?
False
Is 115297 a multiple of 87?
False
Is 123 a factor of 147600?
True
Is 80203 a multiple of 223?
False
Is 4 a factor of 212274?
False
Is 127141 a multiple of 36?
False
Is 353819 a multiple of 45?
False
Is 6 a factor of 21829?
False
Is 1499914 a multiple of 32?
False
Is 903 a factor of 2896941?
False
Does 16 divide 2664640?
True
Does 29 divide 2248332?
False
Does 11 divide 61930?
True
Does 7 divide 81807?
False
Is 344 a factor of 9230202?
False
Does 37 divide 17649?
True
Is 67 a factor of 645143?
True
Does 42 divide 3579709?
False
Does 30 divide 67769?
False
Is 1163779 a multiple of 841?
False
Does 109 divide 172547?
True
Is 35 a factor of 78641?
False
Does 444 divide 14855559?
False
Is 61224 a multiple of 1073?
False
Does 988 divide 631332?
True
Is 72 a factor of 34998768?
True
Is 344721 a multiple of 35?
False
Is 1191516 a multiple of 357?
False
Does 729 divide 2629503?
True
Is 195910 a multiple of 715?
True
Is 127248 a multiple of 176?
True
Is 15 a factor of 5228399?
False
Does 35 divide 98875?
True
Does 833 divide 981592?
False
Is 1408576 a multiple of 208?
True
Is 7053604 a multiple of 97?
False
Does 27 divide 80244?
True
Is 3085290 a multiple of 27?
True
Is 694231 a multiple of 21?
False
Is 13297570 a multiple of 10?
True
Is 355266 a multiple of 243?
True
Is 10863387 a multiple of 541?
False
Is 90 a factor of 308175?
False
Does 107 divide 19367?
True
Does 97 divide 103596?
True
Does 15 divide 189976?
False
Is 409 a factor of 487528?
True
Does 21 divide 2457918?
False
Does 6 divide 26766?
True
Is 9 a factor of 5812317?
True
Does 94 divide 85164?
True
Is 4 a factor of 9522?
False
Does 658 divide 21877186?
False
Does 92 divide 162071?
False
Does 35 divide 181841?
False
Is 442 a factor of 43316?
True
Is 253 a factor of 33902?
True
Is 834648 a multiple of 4?
True
Does 6 divide 321460?
False
Is 17 a factor of 48653?
False
Is 123768 a multiple of 18?
True
Does 75 divide 96358?
False
Is 442 a factor of 805766?
True
Is 77132 a multiple of 31?
False
Is 40220 a multiple of 64?
False
Is 7 a factor of 856624?
False
Is 31188 a multiple of 452?
True
Does 43 divide 84931?
False
Does 73 divide 932940?
True
Is 514453 a multiple of 24?
False
Is 6600419 a multiple of 9?
False
Is 336 a factor of 1547843?
False
Does 1655 divide 8008545?
True
Does 7 divide 163198?
True
Is 207 a factor of 768893?
False
Is 12236 a multiple of 7?
True
Is 364481 a multiple of 53?
True
Does 10 divide 5438487?
False
Is 143 a factor of 356928?
True
Is 258300 a multiple of 350?
True
Is 91 a factor of 1340610?
False
Is 1989525 a multiple of 25?
True
Does 5 divide 16056?
False
Is 1112 a factor of 319076?
False
Is 112111 a multiple of 77?
False
Is 1905170 a multiple of 10?
True
Is 2941723 a multiple of 864?
False
Does 15 divide 8108?
False
Is 9 a factor of 49547?
False
Does 65 divide 2137785?
True
Is 315 a factor of 450135?
True
Is 97 a factor of 232315?
True
Does 118 divide 704098?
False
Is 3013598 a multiple of 322?
True
Does 98 divide 8330?
True
Does 966 divide 3375684?
False
Does 11 divide 57673?
True
Is 33203 a multiple of 89?
False
Is 8 a factor of 86018?
False
Does 229 divide 221713?
False
Does 29 divide 491869?
True
Is 14392 a multiple of 32?
False
Is 85 a factor of 614977?
False
Does 307 divide 7987059?
False
Is 1891103 a multiple of 9?
False
Is 26 a factor of 904341?
False
Does 69 divide 2813434?
False
Is 1504883 a multiple of 62?
False
Is 38 a factor of 84886?
False
Does 132 divide 1788346?
False
Is 520018 a multiple of 25?
False
Is 9 a factor of 1265427?
True
Is 20280240 a multiple of 144?
True
Is 2 a factor of 615446?
True
Is 194298 a multiple of 282?
True
Is 580629 a multiple of 775?
False
Is 38 a factor of 922222?
True
Is 4 a factor of 679516?
True
Is 216 a factor of 12700368?
True
Is 2 a factor of 64091?
False
Is 77 a factor of 1922921?
True
Is 689157 a multiple of 14?
False
Does 222 divide 234648?
False
Is 317 a factor of 332533?
True
Is 678609 a multiple of 11?
False
Does 7 divide 75439?
True
Is 88 a factor of 1537808?
False
Is 105117 a multiple of 37?
True
Is 142340 a multiple of 10?
True
Is 409885 a multiple of 35?
True
Is 6 a factor of 305736?
True
Does 14 divide 5292?
True
Is 261 a factor of 169389?
True
Does 8 divide 23622?
False
Is 49322 a multiple of 243?
False
Is 23 a factor of 578404?
True
Does 28 divide 18701?
False
Is 2031 a factor of 4923144?
True
Is 14 a factor of 75236?
True
Is 46 a factor of 40204?
True
Does 212 divide 189104?
True
Does 14 divide 68796?
True
Does 3 divide 1893078?
True
Is 315828 a multiple of 18?
True
Is 3629639 a multiple of 326?
False
Is 3322116 a multiple of 14?
True
Does 463 divide 1176265?
False
Does 54 divide 209290?
False
Is 2 a factor of 19152?
True
Is 118116 a multiple of 41?
False
Is 5181010 a multiple of 198?
False
Does 99 divide 6466284?
True
Is 502 a factor of 2234203?
False
Is 213 a factor of 63687?
True
Does 5 divide 2013905?
True
Is 11 a factor of 131153?
True
Is 37 a factor of 107781?
True
Is 83893 a multiple of 43?
True
Is 600 a factor of 3925200?
True
Does 85 divide 86020?
True
Is 1400 a multiple of 7?
True
Does 21 divide 253470?
True
Is 49 a factor of 10913182?
True
Is 2 a factor of 29454?
True
Does 36 divide 47448?
True
Is 217 a factor of 4410704?
False
Does 71 divide 794206?
True
Is 89 a factor of 481538?
False
Is 94157 a multiple of 185?
False
Is 4 a factor of 36364?
True
Is 783720 a multiple of 63?
True
Is 7003020 a multiple of 815?
False
Is 29 a factor of 39701?
True
Is 1064600 a multiple of 327?
False
Does 586 divide 343982?
True
Does 68 divide 122756?
False
Is 190659 a multiple of 6?
False
Is 408275 a multiple of 13?
False
Does 119 divide 7936229?
True
Is 1149 a factor of 2197464?
False
Is 85238 a multiple of 6?
False
Is 90 a factor of 192010?
False
Is 75897 a multiple of 267?
False
Does 20 divide 26528?
False
Is 309026 a multiple of 71?
False
Is 220692 a multiple of 318?
True
Does 64 divide 38720?
True
Is 15 a factor of 197550?
True
Is 103968 a multiple of 19?
True
Is 60181 a multiple of 89?
False
Does 847 divide 18494409?
False
Does 22 divide 595787?
False
Is 8 a factor of 106552?
True
Is 224 a